he greatest common factor of 24 and y?
6
Suppose -r - 8 = -4*l, -4*r = r. Suppose l*t - 3*t = -40. Calculate the greatest common divisor of 4 and t.
4
Suppose 3*q - 3*u + 0*u = 96, 5*q - 196 = -4*u. Calculate the greatest common factor of q and 24.
12
Let z(y) = 2*y**3 - 4*y**2 - 2*y + 2. Let g(a) = 2*a - 1. Let r be g(2). Let h be z(r). What is the highest common factor of 126 and h?
14
Let y be (-42)/12 + 2/4. Let q(h) = 2*h**2 + 2*h + 2. Let n be q(y). What is the greatest common divisor of 112 and n?
14
Let f(n) = -n**2 - 4*n + 2. Let b be f(-3). What is the highest common factor of b and 40?
5
Let b = -23 - -44. Calculate the greatest common divisor of b and 168.
21
Suppose 2*y = 53 - 29. Calculate the greatest common factor of y and 228.
12
Let z(f) = 3*f**3 + 3*f**2. Let o be z(-2). Let w be (-18)/o*(-156)/(-9). What is the greatest common divisor of w and 104?
26
Let l be (-30)/(-20)*(-4)/(-3). Calculate the highest common divisor of 14 and l.
2
Let o be (12/(-8))/(1/(-10)). Let l = 34 - o. What is the greatest common divisor of l and 76?
19
Let p = 7 - 5. Suppose -37 = -3*l - p*b, 0*l - 3*l + 7 = -4*b. Let c be ((-12)/l)/(2/(-3)). What is the greatest common divisor of c and 2?
2
Let p be 6/4 + (-2)/(-4). Suppose 5*c - 3*w + 12 = 0, 0*c + 2*w = -p*c + 8. Suppose -2*r + 20 - 6 = c. What is the highest common divisor of 77 and r?
7
Let d(h) be the third derivative of h**5/20 + 3*h**4/8 - 3*h**3/2 - 2*h**2. Let g be d(-7). Calculate the greatest common factor of 15 and g.
15
Suppose 2*c = 3*y - 7, -5*y - 4*c + 36 = -y. Suppose 0 = j - 0*j + 3*q - 26, -106 = -y*j - 3*q. Calculate the highest common factor of j and 30.
10
Let g be 65/(-10)*(0 - 10). Calculate the highest common divisor of g and 26.
13
Let t = 8 + 3. Calculate the highest common factor of 33 and t.
11
Let n = -88 - -103. Let v = 180 - 45. What is the greatest common factor of v and n?
15
Suppose 66 + 9 = 3*u. What is the highest common divisor of 5 and u?
5
Let y(v) = v**3 - 4*v**2 - 6*v + 7. Let w be (-8)/(-2 - -1) + -3. Let d be y(w). Calculate the greatest common factor of d and 2.
2
Suppose -16*h - 88 = -24*h. Calculate the greatest common divisor of 88 and h.
11
Let v(y) = -48*y - 1. Suppose 5*c = 2*u + 10, 9 = 6*u - u - 4*c. Let h = 2 - u. Let r be v(h). What is the greatest common divisor of 13 and r?
13
Suppose -4*i = -0*i - 152. Suppose -b + 115 - i = 0. What is the highest common factor of b and 7?
7
Let p(r) = 5 - r**2 + r + 4*r - 4*r. Suppose v - 2*v = 0. Let w be p(v). What is the highest common divisor of 45 and w?
5
Let i(l) = l**3 + 7*l**2 - 11*l - 11. Let t be i(-8). Let w = 158 + -93. What is the highest common divisor of w and t?
13
Let b be ((-5)/2 - -4)*-2. Let z be 13 - (b + 6) - -1. What is the highest common factor of z and 11?
11
Let s be (113 - -2) + -2 + 1. Suppose -s = -5*o + 551. What is the greatest common factor of o and 19?
19
Suppose -4*m - 12 = -4. Let v(n) = -14*n - 1. Let y be v(m). Let s(o) = o**2 + o + 3. Let k be s(0). What is the greatest common factor of y and k?
3
Let q be 8/(-10)*100/(-8). Let x be 4/((-4)/(-10) + 0). What is the highest common factor of q and x?
10
Suppose -2*c = -2*o + 10, 2*o + 0 = c + 11. Calculate the highest common divisor of o and 2.
2
Let m = -61 + 36. Let a be (m - 0)*(-48)/30. What is the highest common factor of 8 and a?
8
Let o be 432/15 - (-2)/10. Let w = 51 - o. Calculate the greatest common factor of 176 and w.
22
Let g be (5 - 37)*1/(-2). Calculate the greatest common factor of g and 64.
16
Let q = -5 - -3. Let b = q + 4. Let r be b/(-2) + (-68)/(-4). What is the greatest common divisor of r and 64?
16
Suppose 0 = -k - k + 38. Let r = 28 - k. Suppose -9 = -0*s - s. What is the highest common factor of r and s?
9
Let v(j) = -j**3 + 4*j**2 - 2*j - 4. Let b be v(3). Let g = 2 + b. Let r be -2 + g + 3*2. What is the highest common factor of 20 and r?
5
Suppose -22 = -q - 0*z - 2*z, -2*q + 4*z + 44 = 0. Calculate the highest common factor of q and 176.
22
Let y(p) = -2*p - 5. Let v be y(-5). Let j be 5/(-2)*(-6)/v. Suppose 0 = -0*i - 4*i - s + 27, -s = j*i - 21. Calculate the highest common factor of i and 6.
6
Let m(h) = -h. Let f be m(-2). Let z = -36 - -40. What is the highest common divisor of f and z?
2
Let p(i) = -27*i - 4. Let v(j) = -j - 10. Let l be v(-6). Let h be p(l). What is the greatest common divisor of h and 26?
26
Let s(j) = 4*j**2 - 16*j - 24. Let q be s(7). What is the highest common factor of 40 and q?
20
Let y = 2 + 0. Suppose -y*g = -8 - 0. Suppose -m + g - 2 = 0. Calculate the highest common factor of 22 and m.
2
Suppose -4*v - s = -3*s - 14, 0 = -5*v - 5*s - 5. Let t(f) = 5 - 4 + 5*f + 0. Let d be t(v). Calculate the highest common factor of d and 77.
11
Suppose 5*d + 3*p = 1504 - 478, -d + p = -210. Let y(x) = x**2 - 3*x - 5. Let i be y(-4). Calculate the greatest common divisor of i and d.
23
Suppose -5*t - 2*y - y + 88 = 0, -4*y - 64 = -4*t. Let i = t - 12. Calculate the greatest common factor of 40 and i.
5
Suppose 0 = x - 8*x + 546. Calculate the highest common divisor of x and 52.
26
Let j(r) be the first derivative of r**3/3 - 2*r**2 + 3*r + 2. Let z be j(4). Suppose 3*m - 36 = -z. Calculate the highest common factor of m and 55.
11
Suppose 4*m = -3*q - m - 11, -3*q + 1 = 2*m. Let h = 4 + 3. Suppose 0 = i - 20 - h. Calculate the highest common factor of i and q.
3
Suppose 2*a - 5 = -3*s, a + 0 - 5 = -s. Calculate the greatest common factor of a and 10.
10
Let t(i) = 4*i + i**2 + i - 4*i**2 + i**3 - 4. Let b be t(3). Let w = 1 + 0. What is the highest common divisor of b and w?
1
Suppose -2*r = 10, 5*c - c + 4*r = 60. Let u be 2*1*(0 + 5). Calculate the greatest common factor of u and c.
10
Let s = 156 - 76. Calculate the highest common factor of s and 10.
10
Let i be (88/55)/((-2)/5) - -123. Calculate the highest common factor of 17 and i.
17
Let l(t) = t**3 - t**2 + t - 12. Let b be l(4). What is the highest common divisor of b and 60?
20
Suppose 3*q - 14 = 4*d + 69, -2*q + 53 = -5*d. What is the greatest common divisor of 58 and q?
29
Let a be (-2 - 2)*4/8 - -11. What is the greatest common divisor of 9 and a?
9
Suppose 2*k + 2*k - 64 = 0. Suppose 0 = -5*x + 11 - 1. What is the highest common factor of k and x?
2
Suppose -2*l + 8 = 0, 4*i - 80 = 3*l + 52. Suppose -3*k - i = -7*k. Calculate the greatest common divisor of k and 3.
3
Let c be (45/(-6))/(6/(-16)). Calculate the greatest common factor of c and 10.
10
Let l = -21 - -141. What is the highest common factor of 15 and l?
15
Suppose -3*p = -4*x + 7, 2*x - 7 = -p + 4. Let g = -16 - -26. Calculate the greatest common factor of x and g.
2
Let r(n) = 5*n - 1. Let z be r(1). Suppose -24 + z = -4*m. Let v be (0 - -1) + (42 - 3). Calculate the greatest common factor of m and v.
5
Suppose 1 = -a, -2*a - 3 + 4 = 3*d. Let n(h) = 13*h**2 - 1. Let v be n(d). What is the greatest common divisor of 4 and v?
4
Suppose -r - 3*n = 4*r - 1161, 0 = 3*r + 4*n - 701. What is the greatest common divisor of r and 21?
21
Suppose 3*x + 11 = 4*x. Suppose -o + 0*o = -x. What is the highest common factor of 1 and o?
1
Let n be (143/39)/((-2)/(-6)). What is the highest common divisor of 1 and n?
1
Let b = 41 + -30. Calculate the highest common divisor of b and 11.
11
Let v(u) = 0*u**3 + 3*u**3 + 2*u**3 - 3*u - u**2 + 3*u**2. Let m be v(2). What is the highest common divisor of 28 and m?
14
Let x = 10 + 2. What is the greatest common divisor of x and 3?
3
Suppose 0 = b - 4*b - 4*w + 22, -5*b = 5*w - 30. Suppose -b*f + 12 = -16. Calculate the greatest common factor of 28 and f.
14
Let d = -60 - -95. What is the highest common factor of d and 105?
35
Suppose 0 = 4*c, -7*c - 168 = -4*m - 2*c. What is the highest common divisor of 28 and m?
14
Let k(j) = 2*j**2 - 6*j - 3. Let r be k(-5). Suppose l + 2*y - 5 = 4*y, 18 = 2*l + 4*y. Calculate the greatest common divisor of l and r.
7
Let h be 45/(-10)*16/(-6). Suppose -j = 3*j - 104. Suppose -2*o + p + j = -o, 2*o - 64 = -p. What is the greatest common divisor of o and h?
6
Let y(a) = -a**2 + a + 2. Let n be y(0). Suppose 4*g = n*g + 160. What is the greatest common divisor of g and 10?
10
Suppose -3*g - 2*g + 25 = 0. Suppose v = g*v - 720. Let p = 0 + 18. What is the greatest common factor of p a